der when p(3) is divided by -2 + (-1 - (0 - s)).
6
Let w(t) be the second derivative of -11*t**3/3 - t**2/2 + 4*t. What is the remainder when 40 is divided by w(-1)?
19
Let v = 21 + -11. Let k(w) = w**2 - 8*w - 2. Let o be k(4). Let x = 47 + o. What is the remainder when x is divided by v?
9
Suppose -4*w - 6 = -w. What is the remainder when (-62)/(-4) - 1/w is divided by 9?
7
Let v = 6 + -12. What is the remainder when 4/v - (-113)/3 is divided by 13?
11
What is the remainder when 3 - -6*(-3)/(-3) is divided by 2?
1
Let a = -14 - -20. Suppose 4*d + t - 11 = 0, 4*d = -t - t + a. What is the remainder when d is divided by 3?
1
Suppose -2*h + 158 = -4*p, h + 2*p = -4*h + 359. Let j = -35 + h. What is the remainder when j is divided by 13?
12
Suppose 0*l = 4*l - 116. What is the remainder when l is divided by 10?
9
Let x = 9 + -6. Suppose 2*f - x = p, -f - 2*f + 3 = -2*p. Calculate the remainder when p is divided by 2.
1
Suppose -4*d = -c + d - 4, -c = 2*d - 24. Let g(i) = 3*i + 2*i**3 + i**3 - 2*i**3 - 5*i**2 - 6. Calculate the remainder when c is divided by g(5).
7
Let j(c) = -c**2 - 4*c. What is the remainder when 6 is divided by j(-3)?
0
Suppose 0 = -13*y + 12*y + 8. What is the remainder when 29 is divided by y?
5
Suppose -w = 6 - 2. Let u = 12 + w. What is the remainder when u is divided by 5?
3
Let h be -1*15 + 3 + -1. What is the remainder when (1 + -3 - h)*3 is divided by 12?
9
Suppose 5*m - 3*q = -24 - 36, 5*q + 55 = -2*m. Let k be 543/m - 1/(-5). Let x = -19 - k. What is the remainder when 67 is divided by x?
16
Let a = -6 + 23. Calculate the remainder when a is divided by 9.
8
Suppose -54 = -2*r + 44. Calculate the remainder when r is divided by ((-6)/9)/(4/(-102)).
15
Let d = -71 + 87. What is the remainder when 40 is divided by d?
8
Let i be 0 + (3 - 1) + -2. Suppose 2*o + 5*b - 81 = 0, i*o - 5*b = o - 48. Calculate the remainder when o is divided by 9.
6
Suppose 11 = 4*l + l - 4*r, 2*l = 2*r + 4. Suppose h = -l*z - 10 + 33, 3*z = -3*h + 87. Calculate the remainder when h is divided by 11.
10
Let r = -58 + 225. What is the remainder when r is divided by 21?
20
Let r(g) = -5*g**2 + 5 - 2*g**3 + 0*g**3 + 3*g + 3*g**3. Suppose -4*b + 1 = -3*b. What is the remainder when b is divided by r(4)?
0
Let n(h) = h**3 + 2*h - 2. Let l(s) = -s - 4 + 4*s + s - 3*s. Let d be l(6). Calculate the remainder when n(d) is divided by 6.
4
Suppose 4*o = 2*o - 40. Suppose -2*v + 3 = v - 3*w, -5*w = 5*v - 45. Calculate the remainder when (-4 - 116/o)*10 is divided by v.
3
Suppose t + 5 = 14. Suppose -y = -0*y - t. What is the remainder when y is divided by 5?
4
Let u = 12 - 8. Suppose -u*g - 6 = -26. Calculate the remainder when 22 is divided by g.
2
Let p(f) = -4*f - 20. Let y(c) = -c**2 + 5*c. Let x be y(4). Suppose 5*d + 2 = l + 77, -x*l = 5*d - 75. Calculate the remainder when d is divided by p(-7).
7
Let v = -3 - -6. Suppose -5*k = -v - 12. Let b(c) = -c + 2. What is the remainder when b(-6) is divided by k?
2
Let v(j) = j**3 + 7*j**2 - 3*j - 10. What is the remainder when v(-7) is divided by 6?
5
Let i = -62 + -187. What is the remainder when 15/20 - i/4 is divided by 22?
19
Let x = 18 + 3. What is the remainder when 41 is divided by x?
20
Let x = -23 + 34. Calculate the remainder when x is divided by (-195)/(-26)*(-8)/(-10).
5
Let l(g) = -g**3 + g**2 + g - 2. Let k be l(0). Let h be (-104)/4*k/2. Suppose -h + 6 = -5*u. Calculate the remainder when u is divided by 2.
0
Let r = -6 - -7. Suppose -3*l + 1 = 4*w - 44, -2*l + 30 = w. What is the remainder when (-1)/(r/(-30)) + -1 is divided by l?
14
Let l = 4 - 3. Let j = l + 0. Suppose 3*o - 9 = 3*p, p - 3*o = -3*p - 8. Calculate the remainder when p is divided by j.
0
Let n = 28 + -15. Let k = 11 - 10. What is the remainder when 279/12 - k/4 is divided by n?
10
Let k = -2 - 1. Let d(g) = g**3 + 3*g**2 - 3*g - 1. Let n be d(k). Suppose -16 = -b + 3*v - 6*v, -2*v = -n. Calculate the remainder when b is divided by 3.
1
Let f = 2 + 11. What is the remainder when 50 is divided by f?
11
Let r(z) = -8*z - 5. Let m be 69/(-9) - 2/(-3). Let d be r(m). Suppose -9 = -5*q + d. What is the remainder when 23 is divided by q?
11
Let q(g) = g**3 + 8*g**2 + 5*g - 4. Calculate the remainder when q(-6) is divided by 5.
3
Let r = 119 + -75. Suppose -2*x + 5*h + 30 = 0, -3*x + 4*h = -15 - r. Let m = x + -11. Calculate the remainder when 26 is divided by m.
12
Let b(f) = f**3 - 5*f**2 + 6*f - 4. Let l(i) = i**2 + 9*i - 3. What is the remainder when b(5) is divided by l(-10)?
5
Let q = 279 - 204. Calculate the remainder when q is divided by 6.
3
Let i(p) = -p - 7. Let b be i(-5). Let j = 6 - b. Calculate the remainder when 14 is divided by j.
6
Suppose 4*m + 6 + 6 = 0. Let o be m*-2*(-24)/(-9). Suppose 2*d - 10 = -4*r, -4 + o = -3*r. What is the remainder when 49 is divided by d?
10
Let z(y) = -y**3 + 11. Suppose -2*r = -r - 16. Suppose 4*x + 4*s + r = 0, -3*s + 20 = -8*s. What is the remainder when 20 is divided by z(x)?
9
Let q be ((-6)/(-2))/(6/20). Let i = -3 + q. Let p(g) = -9*g + 1. What is the remainder when p(-2) is divided by i?
5
Suppose -6*g + 3*g = 393. Let k = -91 - g. Calculate the remainder when k is divided by 21.
19
Suppose 22*r - 15*r - 777 = 0. What is the remainder when r is divided by 38?
35
Let o(l) = -l + 2. Let d be o(-3). Suppose j = -d + 15. Suppose -20 - j = -5*i. Calculate the remainder when i is divided by 4.
2
Let r(a) = 9*a + 1. Let f(q) = -4*q - 4. Let s = -16 - -8. What is the remainder when f(s) is divided by r(1)?
8
Let f(o) = 4*o + 18. What is the remainder when f(11) is divided by 9?
8
Let x = 211 - 161. Calculate the remainder when 449 is divided by x.
49
Let h = 66 + -58. Calculate the remainder when (-2)/7 - (-200)/14 is divided by h.
6
Suppose -19*c + 699 = -1391. What is the remainder when c is divided by 37?
36
Let k be (3/12)/(1/(-4)). Let o = 18 - 7. Calculate the remainder when (5/k)/(2/(-8)) is divided by o.
9
Let h = -6 + 11. Suppose 200 + 245 = 5*t. Suppose -216 = -h*a + t. Calculate the remainder when a is divided by 21.
19
Let b(z) = 7*z**2 - z - 2. Let a be (-2)/(-6) + 10/(-3). Calculate the remainder when b(2) is divided by (a + 1 - -2) + 13.
11
Suppose 0 = 3*r - 4*r + 7. Suppose 3*m + r + 2 = 0. Calculate the remainder when 124/2*m/(-6) is divided by 11.
9
Let i(m) = m**2 - m - 20. Calculate the remainder when i(6) is divided by 5.
0
Let k(s) = s + 4. Let m(o) be the second derivative of -3*o**3/2 + o**2/2 + o. Calculate the remainder when m(-1) is divided by k(0).
2
What is the remainder when (-6)/(-4) + 2*(-134)/(-8) is divided by 10?
5
Suppose -2*d + 0*d = -3*a + 10, 0 = a - 4. Suppose l = 4*q, 4*l + l - 19 = q. What is the remainder when 13 is divided by (2 + q)/d + 2?
3
Let m = 117 - 61. What is the remainder when m is divided by 21?
14
Let w(d) be the second derivative of d**3/3 + 2*d**2 + d. Suppose -54 = -2*f + 50. Calculate the remainder when f is divided by w(7).
16
Let x be 7/14*4*1. Suppose 3*b = x*b + 5. What is the remainder when 12 is divided by b?
2
Suppose 2*k - 3*q = 10, k - q - 3 = 4. Suppose -3*g + 2*l + 135 = 0, -7*g + 8*g = 2*l + 49. Calculate the remainder when g is divided by k.
10
Let v(h) = 5*h**3 - h**2 + 2*h - 1. Let y be v(1). Suppose -y*u = -0*u - 10. What is the remainder when 4 is divided by u?
0
Let l = 33 + -7. Suppose 3*q + 3*z = 4*q + 29, -2*z + 184 = -5*q. Let c = -24 - q. What is the remainder when l is divided by c?
12
Let g(v) = -v**3 - 5*v**2 + 6. Let s be g(-5). Suppose -3*f + s = 0, 2*r - 3*f = -r + 54. What is the remainder when 58 is divided by r?
18
Suppose f + 0 - 46 = 0. What is the remainder when f is divided by 24?
22
Suppose 3*d - 12 = 0, 0*d = 5*s - 4*d - 24. What is the remainder when 70 is divided by s?
6
What is the remainder when 124 is divided by (-5 + 7)/(4/12)?
4
Suppose 2*j = -0*j - 14. Let b = j - -15. Let z = 4 - 1. What is the remainder when b is divided by z?
2
Let g(m) = m + 4. Suppose 0*q = 5*q + 40. Let u be g(q). Let v = 2 - u. What is the remainder when 11 is divided by v?
5
Let a = 7 + -1. Let n(c) = -11*c + 3. Let z(k) = 12*k - 4. Let j(q) = -4*n(q) - 3*z(q). Calculate the remainder when j(2) is divided by a.
4
Let t(h) = -h**2 + 11*h + 1. What is the remainder when t(9) is divided by 8?
3
Suppose 5